te the greatest common factor of 8 and j.
8
Suppose 0 = -2*c + 2, -3*c + 77 = q - 6. What is the greatest common divisor of 16 and q?
16
Let d(j) = j - 8. Let u be d(7). Let h = 4 + u. Let w be 79/3 - (-2)/3. Calculate the greatest common divisor of w and h.
3
Let b be (2 - 12/3) + 8. Suppose 3*g = g + b. Suppose 2*k = -5*f + 5, -g*k + 42 + 3 = -5*f. What is the greatest common divisor of k and 70?
10
Let y(i) be the first derivative of -2*i**3/3 + 11*i**2/2 + 2*i - 5. Let k be y(5). What is the highest common factor of 14 and k?
7
Suppose 111 + 1 = 4*s. What is the greatest common divisor of s and 56?
28
Let g be 2/3 - (-830)/15. Suppose 5*t - 2*a - g = a, 5*a - 67 = -4*t. Suppose -226 = -5*w + 229. What is the greatest common factor of t and w?
13
Let v(d) = d - 4. Let z be v(6). Suppose -3*g + 7*g - 85 = -3*q, -z*q = -2*g + 60. Calculate the greatest common divisor of 75 and g.
25
Suppose -4*b + 52 = 4*l, 2*b + 4*l = 3*b - 23. Calculate the greatest common factor of b and 5.
5
Suppose 0*y = 2*f + 2*y - 168, f - 2*y = 84. Calculate the highest common factor of 21 and f.
21
Let a(f) = -19*f - 2. Let w(p) = -19*p - 1. Let y(u) = 2*a(u) - 3*w(u). Let i be y(1). What is the highest common divisor of 72 and i?
18
Let j = 7 - 5. Suppose -l = 3*x - 16, 2*l + 3*x = 6*l + 11. Calculate the greatest common factor of j and l.
1
Suppose 4*c - 20 = -c. Suppose 0 = 5*v - 3*f - 81, 3*v - v = c*f + 38. Calculate the greatest common factor of v and 120.
15
Let s = 22 + -11. Let z = 95 - s. What is the highest common divisor of 12 and z?
12
Let p(d) = -d**2 + d + 1. Let g be p(-2). Let z = 14 + g. Calculate the greatest common divisor of 36 and z.
9
Let d(u) = -u**3 + 4*u**2 + 8*u - 12. Let c be d(5). What is the greatest common divisor of c and 9?
3
Let k(h) = 3*h**2 - 3*h - 4. Let r be k(-1). Calculate the highest common divisor of r and 3.
1
Let g = -3 + 1. Let w be ((-20)/g)/((-1)/(-1)). Let d be -3*(-2)/2 - -1. Calculate the greatest common factor of w and d.
2
Let o(i) = -i**2 - 7*i + 5. Let u be o(-4). Let v = -12 + u. What is the greatest common divisor of 5 and v?
5
Let a = -206 + 329. Let g = 172 - a. What is the highest common divisor of g and 7?
7
Let f = 5 - -1. Let o(v) = 20*v. Let j be o(2). Suppose -10 = r - j. What is the highest common factor of r and f?
6
Let h = 4 - 0. Let d(s) = -s**3 + 4*s**2 + 3*s - 2. Let j be d(h). What is the highest common factor of j and 40?
10
Let v be -1 - (-3)/2*10. Suppose 0 = 4*x - 3*x + 2*b - 46, 5*x = -2*b + 270. Calculate the greatest common factor of x and v.
14
Let o = -1 - -1. Let b = o - -4. Let a be -4*(-2)/(-2 + 48/20). Calculate the greatest common divisor of a and b.
4
Let x(m) be the first derivative of -13*m**4/4 - m**3/3 + m**2/2 + m - 3. Let t be x(-1). What is the highest common factor of t and 3?
3
Let f(y) = 7*y**2 + y. Let a be f(1). Suppose p - 12 = -p. Let s = a - p. What is the highest common divisor of 2 and s?
2
Suppose 4*o = -0 + 44. What is the greatest common factor of 22 and o?
11
Let a(s) = s**2 + 36*s - 64. Let d be a(-38). Suppose 2*p - 65 = -5. Calculate the greatest common divisor of p and d.
6
Let b = 2 - -5. Suppose 5*g = -w - 4, 4*w - 15 - b = -g. Calculate the greatest common factor of 24 and w.
6
Suppose -3*i + 29 = 5. Let q be 292/16 - 2/i. What is the greatest common factor of q and 126?
18
Let r(t) be the second derivative of t**4/12 - t**3/6 - t**2 + 2*t. Let o be r(-4). What is the greatest common factor of 45 and o?
9
Suppose -4*j - 3*x + 0 = -1, j + 6 = -2*x. Suppose j*m - 9 = 35. Suppose -c + 31 = u, -37 = -u - c + 3*c. Calculate the highest common divisor of m and u.
11
Let f be 250/6 - (-2)/12*2. Calculate the highest common divisor of f and 21.
21
Let l = -6 - -8. Let h be (l + (1 - 2))*-3. Let w be 12/(-2)*1/h. Calculate the greatest common factor of w and 22.
2
Suppose 0 = 9*d + 1 - 28. Calculate the greatest common divisor of 4 and d.
1
Suppose 4*m + 0*m = 5*o + 33, 4*o + 28 = 4*m. Suppose 9 = -3*t + 39. Calculate the greatest common factor of t and m.
2
Let t(i) = 9*i + 3. Let n be t(4). Let w = 60 - n. Calculate the greatest common factor of w and 189.
21
Suppose -5*a + 0*a = 15. Let d = a - -10. What is the greatest common factor of d and 35?
7
Suppose -2*c + 6 = -0. Suppose 7*v - 48 = c*v. What is the greatest common factor of v and 48?
12
Suppose -4*b - q - 2*q = -292, -5*q = 2*b - 132. Let m be (-6)/27 - b/(-18). Calculate the highest common divisor of 20 and m.
4
Suppose 0 = -3*w + a, -5*a + 1 = -14. Suppose w + 5 = 2*y. Let l = 0 + y. Calculate the greatest common divisor of 21 and l.
3
Let a(b) = b**2 - 6*b + 1. Let v be a(4). Let m(r) = r**2 + 6*r - 6. Let o be m(v). Calculate the greatest common divisor of o and 1.
1
Let q(x) = -x + 2. Let m be q(-1). Let o be (-298)/(-6) - 2/m. Calculate the greatest common divisor of 7 and o.
7
Let k(q) = 48*q. Let z be k(1). Suppose 0 = 2*v - 5*f - 24, -f - f = -3*v + 36. What is the highest common factor of z and v?
12
Let v be (-37)/(-4) - 2/8. Let f(w) = w**3 - 7*w**2 - 12*w - 6. Let l be f(v). Calculate the highest common divisor of l and 32.
16
Let t(h) be the first derivative of h**4/4 - 3*h**3 + 13*h**2/2 - 7*h - 4. Let w be t(9). What is the greatest common divisor of w and 10?
10
Let b = 19 + -7. What is the greatest common divisor of b and 18?
6
Let w = -50 + 54. Calculate the highest common divisor of w and 8.
4
Suppose 0 = -n + 6*n - 350. What is the greatest common factor of n and 10?
10
Let p(z) = -z**3 - 6*z**2 - 2*z + 2. Let x be p(-6). What is the highest common divisor of 28 and x?
14
Suppose h + 3*p + 7 = -3, h = 3*p + 14. Let b(q) = q + 8. Let u be b(-6). Calculate the greatest common divisor of u and h.
2
Let a = 11 + -5. Calculate the greatest common divisor of 2 and a.
2
Suppose -3*i + 32 = -5*i. Let z = i - -22. Calculate the greatest common divisor of 3 and z.
3
Suppose 0 = 5*o - 2*a - 140, 0*a = 2*o - a - 55. Let s(n) = -n + 5. Let w be s(6). Let b = 7 + w. What is the highest common divisor of o and b?
6
Let x(c) = 12*c + 4. Let l be x(3). Let n(y) = y**2 - y + 8. Let t be n(0). What is the highest common divisor of t and l?
8
Let h = 16 - 8. What is the greatest common divisor of h and 1?
1
Suppose 323 + 139 = 6*k. What is the highest common factor of 7 and k?
7
Suppose 0 = -6*t + t. Suppose t = -4*p - 25 + 105. Calculate the greatest common divisor of 10 and p.
10
Suppose 0 = 5*g + 4*o - 62, 2*g - 2*o = 30 + 2. Calculate the greatest common factor of 154 and g.
14
Suppose 0*n = -2*n + 14. Suppose p - 4*c = 1, 3*c = p + 3*p - 43. Let r = -6 + p. What is the greatest common divisor of r and n?
7
Suppose 0 = -0*o + 4*o + 4*b - 328, -5*b + 74 = o. Calculate the greatest common divisor of 12 and o.
12
Suppose 4*w = -7*r + 4*r - 23, -3*r + 49 = -5*w. Let q be (w/6)/((-8)/84). Calculate the greatest common divisor of q and 112.
14
Let n be 6/21 + (-888)/(-28). Calculate the highest common factor of n and 80.
16
Let f be 2/((-2)/(-9)) + -1 + 2. What is the greatest common divisor of f and 15?
5
Suppose 0*v + v - 90 = 0. What is the highest common divisor of v and 10?
10
Suppose -4*l + 3 = -3*p, -5*l - p = -4*p - 6. Calculate the greatest common divisor of l and 3.
3
Let b = 1 + 12. Calculate the highest common divisor of 117 and b.
13
Suppose -2*k = 3*k - 15. What is the greatest common factor of 15 and k?
3
Let y = -11 - -15. Suppose -y*r + 31 = -29. Calculate the greatest common divisor of 3 and r.
3
Let l = 249 + -1236. Let k be l/(-18) - (-2)/12. What is the greatest common divisor of 5 and k?
5
Let j(g) = -2*g + 5. Let w be j(5). Let v = w - -4. Let p(u) = -10*u. Let n be p(v). What is the highest common factor of 80 and n?
10
Let v be 5/(-3)*(-3)/1. Suppose 5*q - 6 = 2*w, -4*w - 12 = 4*q - 0*w. Suppose q*p = -v*p + 45. What is the highest common factor of p and 63?
9
Let n = 35 - 15. Calculate the highest common divisor of 50 and n.
10
Let z = 97 - 70. Let g = 43 - 31. Let q = g + 6. What is the highest common divisor of z and q?
9
Let j = 35 + -26. Let u(z) = 6*z**2 + 3*z - 3. Let a be u(-4). What is the highest common divisor of a and j?
9
Let o = -10 - -9. Let f be (-78)/(-12) + o/(-2). What is the highest common factor of 14 and f?
7
Let r = 16 - 9. Suppose r*z - 16 = 3*z. Wha